the prime factors of 1719.
3, 191
What are the prime factors of 30947?
7, 4421
What are the prime factors of 67223?
13, 5171
What are the prime factors of 112700?
2, 5, 7, 23
List the prime factors of 2676.
2, 3, 223
What are the prime factors of 26708?
2, 11, 607
List the prime factors of 60268.
2, 13, 19, 61
What are the prime factors of 31?
31
List the prime factors of 99339.
3, 33113
What are the prime factors of 39321?
3, 17, 257
What are the prime factors of 1612?
2, 13, 31
What are the prime factors of 984?
2, 3, 41
List the prime factors of 1413.
3, 157
What are the prime factors of 179?
179
What are the prime factors of 184?
2, 23
List the prime factors of 680.
2, 5, 17
What are the prime factors of 1351?
7, 193
List the prime factors of 1471.
1471
What are the prime factors of 6240?
2, 3, 5, 13
List the prime factors of 11773.
61, 193
What are the prime factors of 470?
2, 5, 47
List the prime factors of 6246.
2, 3, 347
List the prime factors of 283.
283
List the prime factors of 98277.
3, 17, 41, 47
List the prime factors of 7739.
71, 109
List the prime factors of 833.
7, 17
List the prime factors of 1803.
3, 601
What are the prime factors of 2755?
5, 19, 29
What are the prime factors of 17511?
3, 13, 449
List the prime factors of 25987.
13, 1999
What are the prime factors of 3963?
3, 1321
List the prime factors of 58780.
2, 5, 2939
List the prime factors of 490.
2, 5, 7
What are the prime factors of 1192?
2, 149
List the prime factors of 2884.
2, 7, 103
What are the prime factors of 2062?
2, 1031
List the prime factors of 29806.
2, 7, 2129
What are the prime factors of 4472?
2, 13, 43
List the prime factors of 1768.
2, 13, 17
What are the prime factors of 5429?
61, 89
List the prime factors of 1770.
2, 3, 5, 59
List the prime factors of 3024.
2, 3, 7
What are the prime factors of 1139?
17, 67
List the prime factors of 2668.
2, 23, 29
What are the prime factors of 781?
11, 71
What are the prime factors of 10974?
2, 3, 31, 59
What are the prime factors of 1462?
2, 17, 43
List the prime factors of 4355.
5, 13, 67
What are the prime factors of 1979?
1979
List the prime factors of 5376.
2, 3, 7
List the prime factors of 2521.
2521
List the prime factors of 956.
2, 239
What are the prime factors of 13038?
2, 3, 41, 53
List the prime factors of 53931.
3, 17977
List the prime factors of 4870.
2, 5, 487
What are the prime factors of 2061?
3, 229
List the prime factors of 437.
19, 23
List the prime factors of 2675.
5, 107
What are the prime factors of 8977?
47, 191
What are the prime factors of 7113?
3, 2371
List the prime factors of 13015.
5, 19, 137
List the prime factors of 5682.
2, 3, 947
What are the prime factors of 1080?
2, 3, 5
What are the prime factors of 4863?
3, 1621
What are the prime factors of 71359?
71359
What are the prime factors of 11386?
2, 5693
What are the prime factors of 10015?
5, 2003
What are the prime factors of 10269?
3, 7, 163
What are the prime factors of 17247?
3, 5749
List the prime factors of 37719.
3, 11, 127
List the prime factors of 387.
3, 43
What are the prime factors of 279?
3, 31
List the prime factors of 9816.
2, 3, 409
What are the prime factors of 37?
37
What are the prime factors of 153495?
3, 5, 379
List the prime factors of 458.
2, 229
List the prime factors of 59627.
59627
List the prime factors of 1303.
1303
List the prime factors of 4825.
5, 193
List the prime factors of 120188.
2, 30047
What are the prime factors of 31449?
3, 11, 953
What are the prime factors of 7415?
5, 1483
What are the prime factors of 57849?
3, 11, 1753
What are the prime factors of 1332?
2, 3, 37
What are the prime factors of 135077?
135077
What are the prime factors of 6999?
3, 2333
List the prime factors of 55200.
2, 3, 5, 23
List the prime factors of 15253.
7, 2179
List the prime factors of 846.
2, 3, 47
List the prime factors of 8300.
2, 5, 83
List the prime factors of 10995.
3, 5, 733
What are the prime factors of 2747?
41, 67
List the prime factors of 5510.
2, 5, 19, 29
List the prime factors of 44182.
2, 22091
What are the prime factors of 43?
43
What are the prime factors of 4889?
4889
List the prime factors of 99761.
99761
What are the prime factors of 18849?
3, 61, 103
List the prime factors of 1220.
2, 5, 61
What are the prime factors of 14861?
7, 11, 193
List the prime factors of 4443.
3, 1481
What are the prime factors of 27007?
113, 239
What are the prime factors of 4851?
3, 7, 11
List the prime factors of 14862.
2, 3, 2477
List the prime factors of 1221.
3, 11, 37
List the prime factors of 27779.
27779
What are the prime factors of 9232?
2, 577
List the prime factors of 14594.
2, 7297
List the prime factors of 3818.
2, 23, 83
List the prime factors of 70969.
70969
List the prime factors of 105861.
3, 7, 71
List the prime factors of 1469.
13, 113
What are the prime factors of 3300?
2, 3, 5, 11
List the prime factors of 1972.
2, 17, 29
What are the prime factors of 6532?
2, 23, 71
List the prime factors of 17761.
17761
What are the prime factors of 18296?
2, 2287
List the prime factors of 7636.
2, 23, 83
What are the prime factors of 83704?
2, 10463
List the prime factors of 1378.
2, 13, 53
List the prime factors of 2781.
3, 103
What are the prime factors of 1934?
2, 967
List the prime factors of 2855.
5, 571
What are the prime factors of 5229?
3, 7, 83
What are the prime factors of 15201?
3, 563
List the prime factors of 102956.
2, 7, 3677
What are the prime factors of 13181?
7, 269
List the prime factors of 58970.
2, 5, 5897
List the prime factors of 7638.
2, 3, 19, 67
What are the prime factors of 1275?
3, 5, 17
List the prime factors of 94720.
2, 5, 37
List the prime factors of 1128.
2, 3, 47
What are the prime factors of 2465?
5, 17, 29
What are the prime factors of 13657?
7, 1951
What are the prime factors of 19845?
3, 5, 7
List the prime factors of 53300.
2, 5, 13, 41
What are the prime factors of 14?
2, 7
List the prime factors of 42462.
2, 3, 7, 337
What are the prime factors of 19039?
79, 241
What are the prime factors of 971?
971
What are the prime factors of 3796?
2, 13, 73
What are the prime factors of 40599?
3, 13, 347
List the prime factors of 50657.
179, 283
What are the prime factors of 127790?
2, 5, 13, 983
List the prime factors of 323.
17, 19
What are the prime factors of 4595?
5, 919
What are the prime factors of 1827?
3, 7, 29
What are the prime factors of 2553?
3, 23, 37
What are the prime factors of 20639?
20639
What are the prime factors of 26485?
5, 5297
List the prime factors of 65869.
199, 331
List the prime factors of 107951.
107951
List the prime factors of 568.
2, 71
List the prime factors of 113401.
151, 751
What are the prime factors of 30910?
2, 5, 11, 281
List the prime factors of 11809.
7, 241
What are the prime factors of 1742?
2, 13, 67
List the prime factors of 8843.
37, 239
List the prime factors of 119341.
131, 911
List the prime factors of 4307.
59, 73
What are the prime factors of 6918?
2, 3, 1153
What are the prime factors of 83549?
29, 43, 67
What are the prime factors of 3508?
2, 877
What are the prime factors of 1168?
2, 73
What are the prime factors of 81870?
2, 3, 5, 2729
What are the prime factors of 52422?
2, 3, 8737
What are the prime factors of 15512?
2, 7, 277
List the prime factors of 8914.
2, 4457
List the prime factors of 6516.
2, 3, 181
What are the prime factors of 59908?
2, 17, 881
List the prime factors of 11635.
5, 13, 179
List the prime factors of 73158.
2, 3, 89, 137
List the prime factors of 532.
2, 7, 19
List the prime factors of 5669.
5669
What are the prime factors of 11603?
41, 283
List the prime factors of 1865.
5, 373
List the prime factors of 40278.
2, 3, 7, 137
What are the prime factors of 729?
3
List the prime factors of 6248.
2, 11, 71
What are the prime factors of 17942?
2, 8971
List the prime factors of 8264.
2, 1033
List the prime factors of 32075.
5, 1283
What are the prime factors of 155518?
2, 11, 7069
What are the prime factors of 3360?
2, 3, 5, 7
What are the prime factors of 1095?
3, 5, 73
What are the prime factors of 57114?
2, 3, 19, 167
What are the prime factors of 18887?
11, 17, 101
What are the prime factors of 3305?
5, 661
What are the prime factors of 2588?
2, 647
List the prime factors of 69575.
5, 11, 23
What 